{"id":242,"date":"2018-12-05T13:37:24","date_gmt":"2018-12-05T12:37:24","guid":{"rendered":"http:\/\/marathyon85.fr\/?page_id=242"},"modified":"2023-12-10T20:50:39","modified_gmt":"2023-12-10T19:50:39","slug":"le-bureau","status":"publish","type":"page","link":"https:\/\/www.marathyon85.fr\/?page_id=242","title":{"rendered":"Le bureau"},"content":{"rendered":"<p><img loading=\"lazy\" decoding=\"async\" class=\"size-medium wp-image-56 alignright\" src=\"http:\/\/marathyon85.fr\/wp-content\/uploads\/2018\/11\/comite_adm-300x225.jpg\" alt=\"\" width=\"300\" height=\"225\" srcset=\"https:\/\/www.marathyon85.fr\/wp-content\/uploads\/2018\/11\/comite_adm-300x225.jpg 300w, https:\/\/www.marathyon85.fr\/wp-content\/uploads\/2018\/11\/comite_adm.jpg 500w\" sizes=\"auto, (max-width: 300px) 100vw, 300px\" \/><\/p>\n<p>Le pr\u00e9sident : Bruno DESSEVRES<\/p>\n<p>Le tr\u00e9sorier : Christian CHAUVET<\/p>\n<p>Le secr\u00e9taire : Laurent LOGEAIS<\/p>\n<p>Membres : Christine BIRON, Jean RAINGEARD, Gilles BIRON, Claude DURANDET, Michel POIRIER, Chantal GUILBAUD et Elodie RODON<\/p>\n","protected":false},"excerpt":{"rendered":"<p>Le pr\u00e9sident : Bruno DESSEVRES Le tr\u00e9sorier : Christian CHAUVET Le secr\u00e9taire : Laurent LOGEAIS Membres : Christine BIRON, Jean RAINGEARD, Gilles BIRON, Claude DURANDET, Michel POIRIER, Chantal GUILBAUD et&#46;&#46;&#46;<\/p>\n","protected":false},"author":2,"featured_media":0,"parent":0,"menu_order":0,"comment_status":"closed","ping_status":"closed","template":"","meta":{"footnotes":""},"class_list":["post-242","page","type-page","status-publish","hentry"],"_links":{"self":[{"href":"https:\/\/www.marathyon85.fr\/index.php?rest_route=\/wp\/v2\/pages\/242","targetHints":{"allow":["GET"]}}],"collection":[{"href":"https:\/\/www.marathyon85.fr\/index.php?rest_route=\/wp\/v2\/pages"}],"about":[{"href":"https:\/\/www.marathyon85.fr\/index.php?rest_route=\/wp\/v2\/types\/page"}],"author":[{"embeddable":true,"href":"https:\/\/www.marathyon85.fr\/index.php?rest_route=\/wp\/v2\/users\/2"}],"replies":[{"embeddable":true,"href":"https:\/\/www.marathyon85.fr\/index.php?rest_route=%2Fwp%2Fv2%2Fcomments&post=242"}],"version-history":[{"count":4,"href":"https:\/\/www.marathyon85.fr\/index.php?rest_route=\/wp\/v2\/pages\/242\/revisions"}],"predecessor-version":[{"id":1857,"href":"https:\/\/www.marathyon85.fr\/index.php?rest_route=\/wp\/v2\/pages\/242\/revisions\/1857"}],"wp:attachment":[{"href":"https:\/\/www.marathyon85.fr\/index.php?rest_route=%2Fwp%2Fv2%2Fmedia&parent=242"}],"curies":[{"name":"wp","href":"https:\/\/api.w.org\/{rel}","templated":true}]}}